me factors of 183880904?
2, 2267, 10139
List the prime factors of 1603382337.
3, 59384531
List the prime factors of 291499228.
2, 1097, 66431
List the prime factors of 24423950.
2, 5, 661, 739
List the prime factors of 2178310841.
7, 19, 23, 227, 3137
What are the prime factors of 3944767821?
3, 19, 69206453
List the prime factors of 137029646.
2, 13, 443, 11897
What are the prime factors of 282417784?
2, 11, 3209293
What are the prime factors of 478448806?
2, 11, 23, 79, 11969
What are the prime factors of 49102297?
41, 1197617
List the prime factors of 67212411.
3, 7, 1223, 2617
What are the prime factors of 587155282?
2, 7, 17, 43, 57373
List the prime factors of 80830472.
2, 59, 171251
List the prime factors of 188757301.
188757301
List the prime factors of 985485317.
61, 113, 142969
List the prime factors of 92226756.
2, 3, 137, 56099
List the prime factors of 306297562.
2, 193, 793517
What are the prime factors of 60670408?
2, 59, 173, 743
List the prime factors of 1120814078.
2, 560407039
What are the prime factors of 738322711?
7, 41, 61, 181, 233
What are the prime factors of 5762701199?
23581, 244379
List the prime factors of 57217128.
2, 3, 2384047
List the prime factors of 4189412498.
2, 2094706249
What are the prime factors of 3423310183?
83, 1801, 22901
What are the prime factors of 502199846?
2, 97, 967, 2677
List the prime factors of 183026903.
183026903
What are the prime factors of 41169519?
3, 31, 101, 487
What are the prime factors of 53462235?
3, 5, 23, 241, 643
What are the prime factors of 1402266562?
2, 2663, 263287
List the prime factors of 4450231707.
3, 47, 31561927
What are the prime factors of 6282441427?
43, 146103289
List the prime factors of 20787242.
2, 7, 1484803
List the prime factors of 548559549.
3, 60951061
What are the prime factors of 67714963?
311, 217733
What are the prime factors of 2109998828?
2, 7, 59, 89, 113, 127
List the prime factors of 913059905.
5, 182611981
List the prime factors of 100612631.
7, 89, 23071
List the prime factors of 117946605.
3, 5, 7, 59, 79, 241
List the prime factors of 1724582146.
2, 7, 17597777
What are the prime factors of 1913434852?
2, 7, 89, 767831
What are the prime factors of 6567870?
2, 3, 5, 37, 61, 97
List the prime factors of 299362576.
2, 157, 119173
List the prime factors of 55912994.
2, 37, 101, 7481
List the prime factors of 271700149.
7, 167, 33203
What are the prime factors of 95625451?
2239, 42709
What are the prime factors of 47699018?
2, 31, 769339
List the prime factors of 136153858.
2, 37, 101, 18217
What are the prime factors of 2288849441?
2288849441
What are the prime factors of 5366019?
3, 1788673
List the prime factors of 107153409.
3, 11, 3247073
List the prime factors of 633793957.
23, 73, 5171
What are the prime factors of 3363666408?
2, 3, 31, 1507019
List the prime factors of 61429876.
2, 15357469
What are the prime factors of 111815768?
2, 223, 233, 269
What are the prime factors of 361418871?
3, 11, 10952087
What are the prime factors of 35790192?
2, 3, 248543
What are the prime factors of 429147705?
3, 5, 7, 137, 29833
What are the prime factors of 134059050?
2, 3, 5, 79, 419
What are the prime factors of 1574299505?
5, 31, 10156771
What are the prime factors of 1834331370?
2, 3, 5, 857, 71347
List the prime factors of 156817212.
2, 3, 79, 83, 1993
List the prime factors of 3257596372.
2, 17, 1447, 33107
List the prime factors of 731414214.
2, 3, 23, 1766701
What are the prime factors of 480169096?
2, 11, 5456467
List the prime factors of 141244678.
2, 70622339
List the prime factors of 71305424.
2, 4456589
What are the prime factors of 84181052?
2, 21045263
What are the prime factors of 247846066?
2, 13, 41, 43, 5407
What are the prime factors of 53050560?
2, 3, 5, 73, 757
List the prime factors of 60654667.
60654667
What are the prime factors of 11616287?
17, 113, 6047
List the prime factors of 119997804.
2, 3, 67, 149251
List the prime factors of 1469837022.
2, 3, 53, 67, 149, 463
What are the prime factors of 20997271?
103, 203857
What are the prime factors of 270192806?
2, 13, 19, 42073
List the prime factors of 26822089.
7, 3831727
What are the prime factors of 15247216?
2, 593, 1607
List the prime factors of 1858754874.
2, 3, 17, 18223087
What are the prime factors of 610577311?
283, 2157517
List the prime factors of 2332272007.
13, 17, 1223, 8629
What are the prime factors of 2349696930?
2, 3, 5, 7, 11189033
What are the prime factors of 43012152?
2, 3, 597391
List the prime factors of 1685469068.
2, 47, 8965261
List the prime factors of 17126160.
2, 3, 5, 71359
List the prime factors of 8956062.
2, 3, 23, 7211
What are the prime factors of 2580674997?
3, 29, 1663, 17837
What are the prime factors of 505046390?
2, 5, 137, 368647
List the prime factors of 452541392.
2, 19, 1488623
What are the prime factors of 4432448?
2, 69257
List the prime factors of 42624672.
2, 3, 444007
List the prime factors of 1794487793.
7, 31, 266759
What are the prime factors of 42527911?
37, 1149403
List the prime factors of 2062475755.
5, 1877, 219763
What are the prime factors of 246722626?
2, 73, 1689881
What are the prime factors of 2197432899?
3, 1997, 122263
List the prime factors of 255625362.
2, 3, 17, 278459
List the prime factors of 1605689436.
2, 3, 13, 10292881
What are the prime factors of 68204912?
2, 37, 115211
List the prime factors of 2985423523.
281, 367, 28949
What are the prime factors of 260330019?
3, 86776673
What are the prime factors of 109664081?
31, 3537551
List the prime factors of 25033787.
227, 110281
What are the prime factors of 68706600?
2, 3, 5, 307, 373
List the prime factors of 565093710.
2, 3, 5, 29, 317, 683
List the prime factors of 840742029.
3, 93415781
List the prime factors of 1823472441.
3, 7, 277, 104491
What are the prime factors of 451233149?
53, 151, 56383
What are the prime factors of 3923121?
3, 173, 7559
What are the prime factors of 11164712?
2, 13, 31, 3463
What are the prime factors of 4471661?
4471661
What are the prime factors of 324193672?
2, 11, 17, 59, 3673
List the prime factors of 3604972939.
3604972939
List the prime factors of 318876211.
5003, 63737
List the prime factors of 11386007.
1759, 6473
What are the prime factors of 21554937?
3, 798331
List the prime factors of 191608710.
2, 3, 5, 127, 50291
List the prime factors of 259316531.
43, 47, 128311
List the prime factors of 804633954.
2, 3, 31, 67, 64567
List the prime factors of 1285614041.
97, 13253753
List the prime factors of 5455108668.
2, 3, 73, 107, 58199
List the prime factors of 40547248.
2, 7, 71, 5099
List the prime factors of 306266424.
2, 3, 17, 750653
What are the prime factors of 897573524?
2, 2671, 84011
List the prime factors of 425571509.
11, 6211, 6229
List the prime factors of 33868956.
2, 3, 11, 379, 677
What are the prime factors of 283663565?
5, 47, 1207079
What are the prime factors of 16816877?
7, 11, 218401
List the prime factors of 1469371963.
43, 34171441
List the prime factors of 79121907.
3, 233, 12577
List the prime factors of 89061423.
3, 11, 97, 27823
What are the prime factors of 184011445?
5, 281, 130969
What are the prime factors of 3128132180?
2, 5, 43, 67, 233
What are the prime factors of 13720339?
13720339
What are the prime factors of 103687013?
23, 59, 109, 701
What are the prime factors of 125569028?
2, 13, 185753
List the prime factors of 37311676.
2, 137, 68087
List the prime factors of 134501330.
2, 5, 13450133
List the prime factors of 4985927397.
3, 11, 179, 281357
What are the prime factors of 36286941?
3, 19, 636613
List the prime factors of 1473688652.
2, 233, 1581211
What are the prime factors of 575421327?
3, 13, 19, 9587
What are the prime factors of 5000115510?
2, 3, 5, 13, 269, 15887
What are the prime factors of 2331918610?
2, 5, 7, 33313123
What are the prime factors of 1606938484?
2, 401734621
List the prime factors of 1486953485.
5, 317, 419, 2239
List the prime factors of 748821337.
11, 31, 127, 17291
List the prime factors of 302689068.
2, 3, 11, 563, 4073
What are the prime factors of 1017169?
41, 24809
What are the prime factors of 101473442?
2, 7, 17, 41, 10399
List the prime factors of 1205327013.
3, 11, 17, 2148533
List the prime factors of 27944351.
27944351
What are 